Suppose -8*n = -6*n - 14. Calculate j(n).
-12
Let h(x) = -4*x + 61. Let d be h(7). Suppose -3*w - d = 2*m, 2*m = 3*w - 0*w - 15. Let i(s) = s + 18. Calculate i(m).
6
Suppose -5*d + 3*l + 1088 = 0, 3*d + 54 - 700 = -5*l. Let b = d + -229. Let u(p) = -p**3 - 12*p**2 + p + 16. Give u(b).
4
Let p = 6016 - 6019. Let u(q) = -4*q**3 - 2*q**2 - 3*q - 3. Calculate u(p).
96
Let c(x) = 2*x**3 - 2*x**2 - 2*x - 1. Let q = 316 + -337. Let i be -2 + (q/(-42))/(1/2). Determine c(i).
-3
Let v(i) = -1. Let g(b) = -6*b - 16. Let x(o) = o + 3. Let l(m) = 2*g(m) + 11*x(m). Let f(u) = 6*l(u) + 5*v(u). Give f(6).
-35
Let s be 89/(-10) + 0 - (-113)/(-1130). Let r(o) = 5*o**2 - 27*o - 19. Let t(a) = 2*a**2 - 9*a - 6. Let g(p) = 3*r(p) - 8*t(p). Determine g(s).
-9
Let n be 160/(-192) - 106/(-156) - 57/(-117). Let x(v) be the first derivative of -v + n*v**3 - 3/2*v**2 + 17. Give x(-2).
9
Let h = -1044 + 1044. Let r(p) = p - 65. Give r(h).
-65
Let q(b) = 55*b - 274. Suppose -132*d + 108*d = -120. What is q(d)?
1
Let n(h) = -2*h**3 - 40*h**2 + 37*h - 87. Let p be n(-21). Let i(v) be the first derivative of -3/2*v**4 - 1/3*v**3 + v + 0*v**2 - p. What is i(1)?
-6
Let z(r) = -9*r - 7*r + 19*r - 60 + 2*r**2 + 69. Determine z(0).
9
Let y(i) = -11*i**2 + 4*i**3 + 60*i - 6*i**3 + 2*i - 4 - 4. Let z be y(-9). Let q(t) = -8*t - 1. Determine q(z).
-9
Let f be (-240)/72*9/15. Let s(q) = -20*q - 3. What is s(f)?
37
Let m be 0 - -3 - 2375/(-25). Let t = m - 70. Let f(i) = 11*i + 18*i - t*i - 4. Give f(8).
4
Suppose -5*v + 25 = 5. Let z(h) = 38*h - 120. Let l(q) = 27*q - 85. Let b(d) = 7*l(d) - 5*z(d). What is b(v)?
1
Let o = -1 - 0. Let v(x) be the first derivative of -x**2 + 1/3*x**3 + 297 - x. What is v(o)?
2
Suppose 0 = 10*k - 58 + 38. Let i(b) = -k*b + 5*b + 4 + 4 + 5*b + b**2. What is i(-7)?
1
Let o(b) = -3*b**2 - 3*b + 3. Suppose 519*m = 524*m. Suppose m = -316*z + 322*z + 18. Determine o(z).
-15
Let v(f) = 5*f + 2965 - 6011 + 2997 - 9*f. Calculate v(15).
-109
Let l(j) = -40*j**3 - 8*j**2 + 7*j + 2. Let a(g) = 3*g**3 - 1. Let k(x) = 13*a(x) + l(x). Give k(-9).
7
Let a(c) = -13*c - 7. Let t = -409 + 406. Let s(h) = 35*h + 20. Let j(b) = t*s(b) - 8*a(b). Calculate j(-3).
-1
Let t(p) = 37*p + 5. Let s be t(0). Let o be 21/6 + 3/(-2). Let w(n) = -n**3 - 6 + 2*n + 0*n - 5*n**2 + o*n**3 + 1. Determine w(s).
5
Suppose 4*q = 2*l - 4*l - 74, 3*q + 2*l + 53 = 0. Let k(s) = s**3 + 20*s**2 - 23*s - 26. What is k(q)?
16
Let w be 1/(-4) - (-5 - 408/(-32)). Let j be ((-20)/w)/(1/(-2)). Let z(t) = -3*t + 4. Give z(j).
19
Let u(m) = -m**2 + 4 + 11*m + 4 + 0*m**2 - 5. Let w(x) = x**3 - 7*x**2 + 11*x - 20. Let b be w(6). Calculate u(b).
13
Let n(j) = -5*j + 1. Let q = -187 - -188. Let m be ((-4 - -6) + q - 5)/2. Calculate n(m).
6
Let z(o) = -o**2 - 6*o + 3. Let j be z(-6). Let h(x) be the second derivative of -x**4/12 + x**3/3 + x**2/2 + 4484*x. Calculate h(j).
-2
Suppose -w + 9*j = 14*j - 15, 0 = -4*w - j + 3. Let f(b) be the third derivative of 0 - 1/6*b**3 + 29*b**2 + w*b + 1/24*b**4. Determine f(-6).
-7
Let a(g) be the third derivative of g**6/360 + 7*g**5/120 + g**4/12 - g**3/2 + g**2. Let i(q) be the first derivative of a(q). Let v = 780 + -785. Give i(v).
-8
Let t(u) = -5*u. Let l be 3/(2 + 215/(-115)). Suppose -26*y + 93 = -l*y. Let w = y + -30. Determine t(w).
-5
Let p = 900 - 1267. Let q = p + 362. Let m(j) = -j**3 - 6*j**2 + 1. Calculate m(q).
-24
Let l(s) = s**3 - s**2 + s + 16. Let u be l(0). Let w(q) = -46*q - 482. Let n be w(-10). Let b = n + u. Let h(d) = -d**2 - 6*d + 7. What is h(b)?
7
Let q(o) = 344*o + 32. Let v(l) = -63*l - 6. Let y(d) = -4*q(d) - 22*v(d). Calculate y(-11).
-106
Suppose -c - 24 = -4. Let i = c + 29. Let v(u) = 71*u - 20*u - 27*u - i - 25*u. Give v(-7).
-2
Let o(h) = -h**3 + 27*h**2 - 2*h + 55. Let j(x) = x**2 - 83*x + 559. Let n be j(76). Determine o(n).
1
Let o(t) = 412 - t - 1231 + 400 + 401. Calculate o(-19).
1
Let i(m) = -m**3 - 7*m**2 - 12*m - 2. Suppose -u + 26*u = -3*u - 140. Calculate i(u).
8
Let x(m) be the first derivative of -m**3/3 - 5*m**2/2 + 2*m + 1. Let n be 6 - (6/(-33) - (-12)/66). Let p(k) = -10*k + 55. Let o be p(n). Determine x(o).
2
Let q(b) be the second derivative of b**3/6 + 11*b**2/2 + 23*b. Suppose 74*f + 64 = 82*f. Determine q(f).
19
Let g(l) = l**3 - 5*l**2 + 4*l. Let o = -122 - -125. Suppose -2*c - r = r - 6, -o*r = -3*c + 15. Calculate g(c).
0
Let v(j) = -j**2 - 7*j - 1. Let x be ((-9)/3 - 2) + -16 + 15. What is v(x)?
5
Let n(u) be the second derivative of -u**4/12 - 7*u**3/6 + u**2/2 - 14*u + 9. Suppose 0 = 5*x + 3*v + 29, -x - 3*v = -v + 10. Give n(x).
13
Let y(i) = -400*i - 330. Let j(a) = -29*a - 24. Let m(p) = -55*j(p) + 4*y(p). Let s(n) = 4*n - 1. Let d be s(-1). Let c = d - -4. Give m(c).
5
Suppose 3*h + 67*v - 62*v + 44 = 0, -130 = 5*h - 3*v. Let u(l) = 2*l**2 + 43*l - 71. Give u(h).
-2
Let z(u) = -10*u**3 - 28*u**2 - 103*u + 67. Let o(r) = 3*r**3 + 10*r**2 + 35*r - 23. Let p(h) = -7*o(h) - 2*z(h). Determine p(-10).
17
Let m(f) = f**2 + 139*f + 1167. Let p be m(-9). Let g(o) = -2*o + 11. Give g(p).
17
Let v(d) = -7*d**2 - 36*d + 7. Let x(r) = 6*r**2 + 32*r - 4. Let w(z) = 5*v(z) + 6*x(z). What is w(-12)?
11
Let p(m) be the first derivative of -m - 1/3*m**3 - 52 + 1/2*m**2 + 9/4*m**4. Determine p(1).
8
Let t be (-5 + (-602)/(-42))/((-2)/3). Let z(j) = 16*j + 216. Calculate z(t).
-8
Let w(g) be the third derivative of -g**6/120 + 23*g**5/60 + 23*g**4/24 + 43*g**3/6 - 296*g**2 + 5. Give w(24).
19
Let g(l) = l**3 - l**2 - 2*l - 2. Let o = 25 - 23. Suppose -o*d + 4 = -w + 4*w, 3*d - 5*w + 32 = 0. Let i be ((-28)/d + -4)/(1 - 0). What is g(i)?
10
Let z(t) = -10*t**2 + 6*t + 7. Let m(q) = 9*q**2 - 5*q - 6. Let o(y) = 6*m(y) + 5*z(y). Suppose -2 = -5*a - 92. Let r = -20 - a. Give o(r).
15
Let h = -576 - -579. Let c be (-35)/(-5) + 2 + -5. Let s(t) = 2 - c - 3*t - 3*t**2 + 5*t**2. What is s(h)?
7
Let k(o) = o**2 + 8*o - 20. Let y be (257 + -262)/((-2)/(-4)). Give k(y).
0
Suppose 0 = 5*o, -2*c - 2*o - 33 = -3*c. Suppose 0 = -c*q + 28 - 94. Let l(k) = k**2 + 7*k + 9. Calculate l(q).
-1
Let c(b) = 3*b**3 - 13*b**2 + 10*b + 4. Let w = 591 + -589. Let d(p) = 11*p**3 - 40*p**2 + 29*p + 12. Let o(u) = w*d(u) - 7*c(u). Determine o(-12).
-4
Let p(h) = 3*h + 5. Suppose -3*v = d + 93, -2*v = 6*d - 4*d + 194. Let l be -12*(-18)/d - (-6)/33. Determine p(l).
-1
Let j(m) = -35*m + m**2 - 2 + 64*m - 35*m + m**2. What is j(-1)?
6
Suppose -10*m + 55 + 5 = 0. Let j(p) = -p**3 + 0 - 3*p - p - 10 - m*p - 8*p**2 - 7. Determine j(-7).
4
Let n(p) = p + 14. Let i(q) = -9*q + 55. Let m(y) = 1. Let r(c) = i(c) + 2*m(c). Let b be r(7). Determine n(b).
8
Let b(z) = -z**3 - 31*z**2 - 29*z + 46. Let u be b(-30). Let x be u/(-12)*105/(-20). Let j(t) = 4*t + 5 - 4*t - 3*t + 2*t. Calculate j(x).
-2
Let k(z) be the third derivative of -z**5/60 - z**4/8 + 35*z**3/6 - 7959*z**2. What is k(-8)?
-5
Let u = 218 + -213. Let l(w) = 15*w - 8. Let g(d) = -10*d + 6. Let n(v) = u*l(v) + 7*g(v). Suppose 6 = 2*m - 0. Calculate n(m).
17
Suppose 4*t + 28 = -y, -159*y + 22 = -157*y - 5*t. Let u(x) = -x - x - 4*x**2 + 47*x**3 - 48*x**3 - 3. What is u(y)?
5
Let l(t) = -2*t**2. Let a(o) = -5*o**2 + 6*o - 1. Let b(n) = -a(n) + 3*l(n). Let y be (-25)/3 - (-3)/9. What is b(y)?
-15
Let s(m) = m**2 - m - 9. Let y = -137 - -153. Suppose 6*c = y*c. Calculate s(c).
-9
Let s(w) = 4*w + 12 - 3*w + w - 24. Let u(b) = -171*b**2 + 2 + 86*b**2 + 90*b**2 + 7*b. Let a be u(-2). What is s(a)?
4
Let m(s) = -2*s - 6. Let l be (-4)/(3/(3 + 0)). Let v be l/(-12) - ((-12)/18)/(-2). Calculate m(v).
-6
Let j(x) = 7*x**3 + 22*x**2 - 7*x + 33. Let b(n) = 8*n**3 + 24*n**2 - 8*n + 33. Let i(o) = -6*b(o) + 7*j(o). Give i(-10).
43
Suppose 42*o + 113 + 512 - 121 = 0. Let i(y) = -5*y - 65. Calculate i(o).
-5
Let i(x) = 6*x**3 - x**2 + x. Suppose -3*h = -3*n - 18, -3*h - n + 1 = -1. Let o = -487 + 490. Suppose o*w = -6*b + b + 11, 5*b - h*w - 1 = 0. Calculate i(b).
6
Let o(f) = 11*f + 28. Let l(m) = -26*m - 57. Let h(r) = 3*l(r) + 7*o(r). What is h(12)?
13
Let o(b) = -5*b**2 + 1. Let l(s) = 2*s**2 - s - 2. Let p(w) = -l(w) + o(w). Calculate p(-2).
-27
Suppose -4*a = -3*a + 3*v - 3, 3*a - 2*v = -13. Let u(r) = -44*r + 3. Let z be u(a). Let g(q) = -z + 9*q**3 + 267 + 2*q - 133 - q**2. Determine g(1).
9
Let p(t) =